inder when 50686270 is divided by 1008?
1006
Calculate the remainder when 505925 is divided by 357.
56
What is the remainder when 108993101 is divided by 59?
41
What is the remainder when 6219599 is divided by 51?
47
Calculate the remainder when 4458366 is divided by 6674.
134
What is the remainder when 121050371 is divided by 97?
94
What is the remainder when 15832910 is divided by 1638?
2
What is the remainder when 926164 is divided by 28065?
19
What is the remainder when 380538 is divided by 94634?
2002
What is the remainder when 514955 is divided by 32180?
75
What is the remainder when 792820 is divided by 974?
958
What is the remainder when 518430 is divided by 1096?
22
Calculate the remainder when 752351 is divided by 204.
203
What is the remainder when 17592 is divided by 5005?
2577
What is the remainder when 11364364 is divided by 106?
104
What is the remainder when 2413346 is divided by 224?
194
What is the remainder when 760503 is divided by 190125?
3
What is the remainder when 1447396 is divided by 1522?
1496
What is the remainder when 98208 is divided by 1169?
12
Calculate the remainder when 2332243 is divided by 582870.
763
What is the remainder when 44381 is divided by 9225?
7481
What is the remainder when 13235614 is divided by 898?
890
Calculate the remainder when 90610962 is divided by 633643.
13
What is the remainder when 50254 is divided by 4332?
2602
What is the remainder when 15994749 is divided by 48?
45
Calculate the remainder when 5912534 is divided by 14.
12
What is the remainder when 52957 is divided by 133?
23
Calculate the remainder when 17340492 is divided by 46.
10
Calculate the remainder when 161920 is divided by 23110.
150
What is the remainder when 37591235 is divided by 37591229?
6
What is the remainder when 2008291 is divided by 151?
142
Calculate the remainder when 50122 is divided by 156.
46
Calculate the remainder when 4042656 is divided by 37.
36
What is the remainder when 477513 is divided by 29841?
57
What is the remainder when 45070763 is divided by 287?
283
What is the remainder when 10757377 is divided by 430295?
2
What is the remainder when 35092824 is divided by 33?
30
What is the remainder when 22798775 is divided by 62980?
15
Calculate the remainder when 284171 is divided by 1579.
1530
What is the remainder when 2905154 is divided by 348?
50
What is the remainder when 5950870 is divided by 44405?
600
Calculate the remainder when 1684806 is divided by 2925.
6
Calculate the remainder when 273159 is divided by 1129.
1070
What is the remainder when 2053820 is divided by 22323?
104
Calculate the remainder when 857864 is divided by 324.
236
Calculate the remainder when 45225792 is divided by 45225787.
5
Calculate the remainder when 92531 is divided by 872.
99
What is the remainder when 8758440 is divided by 85867?
6
Calculate the remainder when 24092277 is divided by 4818452.
17
What is the remainder when 2684387 is divided by 1342191?
5
Calculate the remainder when 702407 is divided by 78042.
29
What is the remainder when 589832 is divided by 2403?
1097
What is the remainder when 2675411 is divided by 65?
11
What is the remainder when 491635 is divided by 4167?
4096
Calculate the remainder when 192331507 is divided by 35.
32
What is the remainder when 1966378 is divided by 982772?
834
Calculate the remainder when 71572 is divided by 764.
520
Calculate the remainder when 13013100 is divided by 500503.
22
What is the remainder when 57502566 is divided by 31405?
11
Calculate the remainder when 3298455 is divided by 412306.
7
Calculate the remainder when 157603 is divided by 116.
75
Calculate the remainder when 65314379 is divided by 116.
115
Calculate the remainder when 2198588 is divided by 18.
14
What is the remainder when 16928193 is divided by 596?
5
What is the remainder when 646090 is divided by 207?
43
Calculate the remainder when 10337 is divided by 749.
600
Calculate the remainder when 219821 is divided by 361.
333
Calculate the remainder when 6263475 is divided by 150.
75
Calculate the remainder when 1234474 is divided by 8016.
10
Calculate the remainder when 109616 is divided by 579.
185
What is the remainder when 2983910 is divided by 30441?
692
What is the remainder when 34559998 is divided by 75?
73
Calculate the remainder when 20594789 is divided by 30.
29
Calculate the remainder when 3189260 is divided by 312.
308
Calculate the remainder when 935732 is divided by 20203.
6394
Calculate the remainder when 3714696 is divided by 1238144.
264
What is the remainder when 23292 is divided by 1054?
104
Calculate the remainder when 157587338 is divided by 1097.
1094
Calculate the remainder when 5280443 is divided by 43282.
39
What is the remainder when 158505 is divided by 77365?
3775
What is the remainder when 122726 is divided by 24432?
566
Calculate the remainder when 237034 is divided by 1756.
1730
Calculate the remainder when 14144296 is divided by 7072116.
64
Calculate the remainder when 27628748 is divided by 625.
623
What is the remainder when 38737111 is divided by 486?
481
Calculate the remainder when 8052208 is divided by 917.
31
What is the remainder when 2117387 is divided by 1131?
155
What is the remainder when 3679905 is divided by 15020?
5
Calculate the remainder when 1064606 is divided by 266151.
2
Calculate the remainder when 149945 is divided by 347.
41
Calculate the remainder when 1238628981 is divided by 23.
22
What is the remainder when 67881 is divided by 6767?
211
What is the remainder when 11781520 is divided by 925?
720
Calculate the remainder when 1105259692 is divided by 6.
4
Calculate the remainder when 14615 is divided by 4839.
98
What is the remainder when 39188155 is divided by 396?
391
What is the remainder when 63774 is divided by 75?
24
Calculate the remainder when 55034691 is divided by 33.
30
Calculate the remainder when 244633 is divided by 1087.
58
What is the remainder when 5203528 is divided by 129?
55
Calculate the remainder when 773558 is divided by 532.
30
What is the remainder when 2604260 is divided by 200290?
490
Calculate the remainder when 150844594 is divided by 4122.
4
Calculate the remainder when 316011 is divided by 4893.
2859
Calculate the remainder when 4368 is divided by 3485.
883
Calculate the remainder when 351179 is divided by 175368.
443
What is the remainder when 169342 is divided by 41874?
1846
What is the remainder when 455112 is divided by 5056?
72
Calculate the remainder when 477830 is divided by 1642.
8
What is the remainder when 288949 is divided by 2330?
29
What is the remainder when 939137161 is divided by 6062?
6059
What is the remainder when 167233915 is divided by 1229661?
19
Calculate the remainder when 40337 is divided by 5139.
4364
Calculate the remainder when 3542818 is divided by 3542774.
44
What is the remainder when 2534121 is divided by 27?
9
What is the remainder when 2180063 is divided by 331?
97
Calculate the remainder when 50982751 is divided by 346.
343
What is the remainder when 4160130 is divided by 277341?
15
What is the remainder when 12405425 is divided by 3333?
3332
Calculate the remainder when 15405640 is divided by 15405628.
12
What is the remainder when 699101 is divided by 293?
3
What is the remainder when 59066 is divided by 712?
682
Calculate the remainder when 322109 is divided by 748.
469
Calculate the remainder when 2265539 is divided by 1759.
1706
What is the remainder when 7244048 is divided by 6468?
6356
Calculate the remainder when 445771 is divided by 501.
382
What is the remainder when 732031 is divided by 36601?
11
What is the remainder when 886607 is divided by 3821?
135
Calculate the remainder when 63154634 is divided by 313.
311
What is the remainder when 1369603 is divided by 35118?
1
What is the remainder when 178751 is divided by 35688?
311
Calculate the remainder when 1220324 is divided by 58053.
1211
Calculate the remainder when 4470056 is divided by 14608.
8
What is the remainder when 2764319 is divided by 115178?
47
What is the remainder when 5411878 is divided by 30403?
144
Calculate the remainder when 253922 is divided by 23033.
559
Calculate the remainder when 26867744 is divided by 650.
644
What is the remainder when 1295615 is divided by 38106?
11
What is the remainder when